{"id":225,"date":"2018-05-08T18:34:27","date_gmt":"2018-05-08T21:34:27","guid":{"rendered":"http:\/\/greensupport.com.br\/?page_id=225"},"modified":"2018-05-09T11:39:05","modified_gmt":"2018-05-09T14:39:05","slug":"gestao-ambiental","status":"publish","type":"page","link":"https:\/\/greensupport.com.br\/index.php\/gestao-ambiental\/","title":{"rendered":"Nossos servi\u00e7os: Gest\u00e3o ambiental"},"content":{"rendered":"<p style=\"text-align: justify;\">Gest\u00e3o ambiental \u00e9 gest\u00e3o de processos para cumprir com condicionantes ambientais emitidas na <a href=\"http:\/\/greensupport.com.br\/index.php\/licencas-ambientais\/\">licen\u00e7a ambiental<\/a>, mas n\u00e3o \u00e9 s\u00f3 isso.<\/p>\n<p>&nbsp;<\/p>\n<h1 style=\"text-align: justify;\"><span style=\"color: #16a085; font-size: 24px;\">Gest\u00e3o ambiental eficiente<\/span><\/h1>\n<p style=\"text-align: justify;\"><img loading=\"lazy\" class=\"alignnone wp-image-60\" src=\"http:\/\/greensupport.com.br\/wp-content\/uploads\/2018\/05\/ramo_olive_greensupport-300x249.png\" alt=\"\" width=\"32\" height=\"27\" srcset=\"https:\/\/greensupport.com.br\/wp-content\/uploads\/2018\/05\/ramo_olive_greensupport-300x249.png 300w, https:\/\/greensupport.com.br\/wp-content\/uploads\/2018\/05\/ramo_olive_greensupport.png 702w\" sizes=\"(max-width: 32px) 100vw, 32px\" \/>\u00a0Planejar investimentos em controles ambientais segundo um <a href=\"http:\/\/greensupport.com.br\/index.php\/projetos-ambientais\/\">projeto ambiental<\/a>.<\/p>\n<p style=\"text-align: justify;\"><img loading=\"lazy\" class=\"alignnone wp-image-60\" src=\"http:\/\/greensupport.com.br\/wp-content\/uploads\/2018\/05\/ramo_olive_greensupport-300x249.png\" alt=\"\" width=\"32\" height=\"27\" srcset=\"https:\/\/greensupport.com.br\/wp-content\/uploads\/2018\/05\/ramo_olive_greensupport-300x249.png 300w, https:\/\/greensupport.com.br\/wp-content\/uploads\/2018\/05\/ramo_olive_greensupport.png 702w\" sizes=\"(max-width: 32px) 100vw, 32px\" \/>\u00a0Controlar condicionantes e prazos.<\/p>\n<p style=\"text-align: justify;\"><img loading=\"lazy\" class=\"alignnone wp-image-60\" src=\"http:\/\/greensupport.com.br\/wp-content\/uploads\/2018\/05\/ramo_olive_greensupport-300x249.png\" alt=\"\" width=\"32\" height=\"27\" srcset=\"https:\/\/greensupport.com.br\/wp-content\/uploads\/2018\/05\/ramo_olive_greensupport-300x249.png 300w, https:\/\/greensupport.com.br\/wp-content\/uploads\/2018\/05\/ramo_olive_greensupport.png 702w\" sizes=\"(max-width: 32px) 100vw, 32px\" \/>\u00a0Monitorar indicadores ambientais.<\/p>\n<p style=\"text-align: justify;\"><img loading=\"lazy\" class=\"alignnone wp-image-60\" src=\"http:\/\/greensupport.com.br\/wp-content\/uploads\/2018\/05\/ramo_olive_greensupport-300x249.png\" alt=\"\" width=\"32\" height=\"27\" srcset=\"https:\/\/greensupport.com.br\/wp-content\/uploads\/2018\/05\/ramo_olive_greensupport-300x249.png 300w, https:\/\/greensupport.com.br\/wp-content\/uploads\/2018\/05\/ramo_olive_greensupport.png 702w\" sizes=\"(max-width: 32px) 100vw, 32px\" \/>\u00a0Orientar processos, treinar pessoas.<\/p>\n<p style=\"text-align: justify;\"><img loading=\"lazy\" class=\"alignnone wp-image-60\" src=\"http:\/\/greensupport.com.br\/wp-content\/uploads\/2018\/05\/ramo_olive_greensupport-300x249.png\" alt=\"\" width=\"32\" height=\"27\" srcset=\"https:\/\/greensupport.com.br\/wp-content\/uploads\/2018\/05\/ramo_olive_greensupport-300x249.png 300w, https:\/\/greensupport.com.br\/wp-content\/uploads\/2018\/05\/ramo_olive_greensupport.png 702w\" sizes=\"(max-width: 32px) 100vw, 32px\" \/>\u00a0Acompanhar o tratamento de efluentes.<\/p>\n<p style=\"text-align: justify;\"><img loading=\"lazy\" class=\"alignnone wp-image-60\" src=\"http:\/\/greensupport.com.br\/wp-content\/uploads\/2018\/05\/ramo_olive_greensupport-300x249.png\" alt=\"\" width=\"32\" height=\"27\" srcset=\"https:\/\/greensupport.com.br\/wp-content\/uploads\/2018\/05\/ramo_olive_greensupport-300x249.png 300w, https:\/\/greensupport.com.br\/wp-content\/uploads\/2018\/05\/ramo_olive_greensupport.png 702w\" sizes=\"(max-width: 32px) 100vw, 32px\" \/>\u00a0Ou a correta destina\u00e7\u00e3o de res\u00edduos&#8230;<\/p>\n<p style=\"text-align: justify;\">Tudo isso passa a fazer parte do nosso trabalho rotineiro quando um cliente contrata nossa gest\u00e3o ambiental.<\/p>\n<p>&nbsp;<\/p>\n<h2 style=\"text-align: justify;\"><span style=\"color: #16a085; font-size: 20px;\">A gest\u00e3o ambiental como ela pode ser<\/span><\/h2>\n<p style=\"text-align: justify;\">Se sua licen\u00e7a ambiental est\u00e1 em dia, mas voc\u00ea n\u00e3o tem tempo para fazer a gest\u00e3o ambiental, que tal consultar um especialista? Preencha o formul\u00e1rio nesta p\u00e1gina.<\/p>\n","protected":false},"excerpt":{"rendered":"<p>Gest\u00e3o ambiental \u00e9 gest\u00e3o de processos para cumprir com condicionantes ambientais emitidas na licen\u00e7a ambiental, mas n\u00e3o \u00e9 s\u00f3 isso. &nbsp; Gest\u00e3o ambiental eficiente \u00a0Planejar investimentos em controles ambientais segundo um projeto ambiental. \u00a0Controlar condicionantes e prazos. \u00a0Monitorar indicadores ambientais. \u00a0Orientar processos, treinar pessoas. \u00a0Acompanhar o tratamento de efluentes. \u00a0Ou a correta destina\u00e7\u00e3o de res\u00edduos&#8230; [&hellip;]<\/p>\n","protected":false},"author":1,"featured_media":145,"parent":0,"menu_order":0,"comment_status":"closed","ping_status":"closed","template":"","meta":[],"_links":{"self":[{"href":"https:\/\/greensupport.com.br\/index.php\/wp-json\/wp\/v2\/pages\/225"}],"collection":[{"href":"https:\/\/greensupport.com.br\/index.php\/wp-json\/wp\/v2\/pages"}],"about":[{"href":"https:\/\/greensupport.com.br\/index.php\/wp-json\/wp\/v2\/types\/page"}],"author":[{"embeddable":true,"href":"https:\/\/greensupport.com.br\/index.php\/wp-json\/wp\/v2\/users\/1"}],"replies":[{"embeddable":true,"href":"https:\/\/greensupport.com.br\/index.php\/wp-json\/wp\/v2\/comments?post=225"}],"version-history":[{"count":4,"href":"https:\/\/greensupport.com.br\/index.php\/wp-json\/wp\/v2\/pages\/225\/revisions"}],"predecessor-version":[{"id":258,"href":"https:\/\/greensupport.com.br\/index.php\/wp-json\/wp\/v2\/pages\/225\/revisions\/258"}],"wp:featuredmedia":[{"embeddable":true,"href":"https:\/\/greensupport.com.br\/index.php\/wp-json\/wp\/v2\/media\/145"}],"wp:attachment":[{"href":"https:\/\/greensupport.com.br\/index.php\/wp-json\/wp\/v2\/media?parent=225"}],"curies":[{"name":"wp","href":"https:\/\/api.w.org\/{rel}","templated":true}]}}